*2 - 3*l. Let x be w(2). Let c = -17 - x. Calculate the remainder when 43 is divided by c.
10
Suppose -3*z + u + 286 = -0*u, -5*z + 2*u + 477 = 0. Suppose 0 = 6*c - 13*c + 371. Suppose 173 = 5*q + c. What is the remainder when z is divided by q?
23
Suppose -505 = -2*q + t, -3*q + t - 1001 = -7*q. What is the remainder when q is divided by 37?
29
Let l = 3 - 7. Let s(u) = u**3 + 3*u**2 - 5*u - 1. What is the remainder when s(l) is divided by -1 - (2/(-6))/((-24)/(-144))?
0
Suppose -50*w - 1539 = -69*w. Calculate the remainder when 726 is divided by w.
78
Suppose -t + 5*v + 164 = 0, -3*t + 2*v - 6*v = -492. Let k = t + -36. Calculate the remainder when k is divided by 33.
29
Suppose -d + 39 = -3*r - 31, -3*d - 2*r = -188. Calculate the remainder when d is divided by 5.
4
Let v(o) = -o - 2. Let k be v(-5). Suppose 4*w - 5*x = 16, k*w + 0*x + 19 = -4*x. Let y = w + 26. Calculate the remainder when 73 is divided by y.
23
Suppose 3*r - r = 6. Let d(i) = 17*i**2 - 201*i - 26. What is the remainder when d(12) is divided by r?
1
Suppose 4*i = -20 + 136. Suppose 0 = 4*m + 9 - i. What is the remainder when 10 is divided by m?
0
Suppose -1073*c + 1061*c + 228 = 0. What is the remainder when 548 is divided by c?
16
Let u(p) = -p**3 - 2*p**2 - p + 4. Let d be u(-3). Let r = d + -4. What is the remainder when r is divided by 7?
5
Let p(k) = 2*k + 72. Calculate the remainder when p(-6) is divided by 26.
8
Let b = -6 - -68. Let f = 107 + -67. Let v = f - 24. What is the remainder when b is divided by v?
14
Suppose 9 = b + 3. Suppose 15*c = 19*c. Suppose c = 2*h - j - 66 + 7, b = 2*j. What is the remainder when h is divided by 17?
14
Let c(q) = -q**2 + 11*q - 6. Let z(g) = -g**3 + 8*g**2 - g + 4. What is the remainder when z(7) is divided by c(9)?
10
Let u(o) = 4*o + 2*o**2 + o**3 - 2 - 4*o**2 + 1 + 3. Calculate the remainder when u(5) is divided by 225/6*(-2)/(-3).
22
Suppose m - 4*q + 9 = -0*m, 4*q = 5*m - 3. Suppose -3*g = -2*h - 38, g - h - 10 = -m*h. Let f = g - 7. What is the remainder when 18 is divided by f?
3
Let x be 5/(20/(-36))*3. Let b be 2/(-1 - x/21). Suppose -f - 3*g = 9, 3*f = -g - 4*g - b. Calculate the remainder when 9 is divided by f.
3
Suppose o - 136 = -21*c + 16*c, -52 = -2*c - o. Suppose 0*m = 4*m - 4. What is the remainder when (-1)/((-2)/106) + m is divided by c?
26
Let w(t) = 2*t - 2. Let i be w(7). Suppose 0 = -5*m + 3*m - i. What is the remainder when (4/m + 0)*-21 is divided by 5?
4
What is the remainder when (36/(-14))/(11/(-77)) is divided by (-1)/((-4)/44*1)?
7
Let p = 14 + -79. Let o = -24 - p. What is the remainder when o is divided by 11?
8
Suppose 3 = -m + 4. What is the remainder when (-1 - (m - -1))/(42/(-1456)) is divided by 28?
20
Let q = 8 + 4. Let h(k) be the first derivative of k**4/4 - 3*k**3 + 3*k**2/2 + 18*k + 4. Calculate the remainder when h(9) is divided by q.
9
What is the remainder when (-8 + 4)*(-3)/(12/101) is divided by 13?
10
Let m = -289 + 1273. Calculate the remainder when m is divided by 38.
34
Let z(m) = -m**3 - 14*m**2 - 51*m - 38. Calculate the remainder when z(-12) is divided by 129.
28
Suppose -4*i + 5 = -3*h, -7*h = -3*h - 4*i + 8. Let a(t) = -t**3 - t**2 + 3*t. What is the remainder when a(h) is divided by 6?
3
Let m(l) = 15*l**2 - 9*l + 31. Calculate the remainder when m(3) is divided by 48.
43
Let q be 16/(-24) + (-2)/(-3) + 1. What is the remainder when 37 is divided by (q + (-4)/12)/(4/60)?
7
Suppose 10*i - 13*i + 1244 = -5*v, 4*v = i - 417. Calculate the remainder when i is divided by 42.
35
Suppose -3*s = -s + 3*n - 27, 3*s = -4*n + 40. Suppose -5*t - 1 = -4*q, -q - 2*q + s = 0. Let h = -5 + 8. What is the remainder when h is divided by t?
0
Let a be ((-8)/6)/(12/(-90)). Let p(l) = -2*l**2 + 4*l. Let n be p(3). Calculate the remainder when 7 is divided by (n/(-4))/(3/a).
2
Let s(c) = c**3 + 33*c**2 + 60*c - 57. Calculate the remainder when 13 is divided by s(-31).
3
Suppose -5*b + 102 = b. Suppose -5*p - 5*s + 80 = 0, -5*p - 2*s + b = -60. Calculate the remainder when 40 is divided by p.
10
Let p(r) = r**2 + 11*r + 36. Let f(k) = 5*k + 3. What is the remainder when f(6) is divided by p(-6)?
3
Suppose 7*a + 52 = 73. What is the remainder when 84 is divided by a?
0
Let d = -1647 - -1690. Calculate the remainder when 1889 is divided by d.
40
Suppose 56*b - 57*b + 29 = 0. Calculate the remainder when b is divided by 8.
5
Calculate the remainder when (6792/(-18))/(2/6 + -1) is divided by 63.
62
Let d(p) = -p**2 + 5*p + 6. Let n be d(5). What is the remainder when (-3)/6 - (-177)/n is divided by 12?
5
Let m be 0 + 18/(2/1). Let a = 18 + -12. Let o = m + a. What is the remainder when 59 is divided by o?
14
Suppose 0 = 3*l + 2*l + 2*y - 78, -4*l = 3*y - 68. What is the remainder when 40 is divided by l?
12
Let k be -8 - (1 - 1 - 1). Let l(x) = x**2 - 2*x - 10. Let h = 21 + -7. Calculate the remainder when l(k) is divided by h.
11
Let b = 4 + 96. Let i be (-1)/((-4)/16) + -1. Suppose -407 = -5*v - 3*t - b, 0 = i*t - 12. Calculate the remainder when v is divided by 20.
19
Suppose -j + 2*j = -5*y + 34, 3*j = y + 22. What is the remainder when 12 is divided by j?
3
Let h = 56 - 35. Suppose 22*d - 155 = h*d. What is the remainder when d is divided by 52?
51
What is the remainder when 206 + (54/(-9) - (-12 - 5/(-1))) is divided by 2/(-7) - (-366)/7?
51
Suppose 16*r - 608 = 20*r. What is the remainder when ((-91)/(-14) + -2)*r/(-6) is divided by 29?
27
Suppose -69*i + 66*i + 42 = 0. Calculate the remainder when 150 is divided by i - (5/(-10))/((-2)/(-12)).
14
What is the remainder when 201 is divided by 64*2*((-1)/1)/(-2)?
9
Calculate the remainder when 14 + -5 + 359 - 11 is divided by 19.
15
Suppose 2*n - 3*m - 10 = 2*m, n - 8 = 4*m. Suppose 0 = 6*l - n*l - 54. Calculate the remainder when 31 is divided by l.
4
Suppose -22*z = -2*y - 27*z + 34, -5*z = -y + 32. Let g(p) = -p**2 + 4*p**2 + 2*p + 41*p**3 - 4*p**2 - 1. Calculate the remainder when g(1) is divided by y.
19
Suppose 0*i = 5*i - 4*z - 21, -i = -5*z. Let g be 7/i - 4/10. What is the remainder when (g - 3)/((-2)/7) is divided by 4?
3
Suppose -190 + 2 = -4*h. Calculate the remainder when 562 is divided by h.
45
Calculate the remainder when (-30)/3 + 53 + -15 is divided by 25.
3
Suppose 2*m + 231 = 13*m. Calculate the remainder when 102 is divided by m.
18
Let x(z) = -z**3 - 9*z**2 - 3*z - 5. Let k be x(-7). Let q = k + 98. Calculate the remainder when 29 is divided by q.
13
Let w(f) = f**3 + 17*f**2 - f + 10. Calculate the remainder when w(-8) is divided by 119.
118
Let a = -1 - -21. Suppose -5*z - 668 = -4*w + 67, 2*w = z + 369. Suppose 0*d = 5*d + 5*b - w, -d = 5*b - 29. Calculate the remainder when d is divided by a.
19
Let p = -207 + 212. What is the remainder when 12 is divided by p?
2
What is the remainder when 8/52 + 5190/65 is divided by 41?
39
Suppose -357 = -2*j - 5*u, 91*j - u = 93*j - 353. Calculate the remainder when j is divided by 168.
8
Let k(m) = 13 - 10 + 21 - m + 0. What is the remainder when (-1)/5 - 1122/(-85) is divided by k(15)?
4
Let g = -1022 + 1030. Let i(v) = -v + 14. What is the remainder when i(0) is divided by g?
6
Let a(m) = m + 7. Let v be a(-4). Suppose -2*q + 2*h = -10, 2*h - v*h = -4*q + 5. Suppose q*j + 146 = 2*j. What is the remainder when j is divided by 19?
16
Let g(u) = -u**2 + 21*u - 2. What is the remainder when g(9) is divided by -18*((-1)/(-6))/((-10)/40)?
10
Suppose 0 = 4*t - 3*m - 260, -3*t + t + 128 = -m. Suppose 5*n - t = -7. Let l = n - -4. Calculate the remainder when 58 is divided by l.
13
Let s(x) = x**3 - 2*x**2 + 2*x - 1. Let u be s(2). Let t(i) = i**3 - 9*i**2 - 7*i - 22. Calculate the remainder when 190/15 + (-2)/u is divided by t(10).
4
Suppose 0 = -5*y - 2800 + 3030. Calculate the remainder when 272 is divided by y.
42
What is the remainder when 1 + 34/2 - 1 is divided by (-2)/(-10) - (264/(-55) - 4)?
8
Let u = -1906 + 1913. Calculate the remainder when 72 is divided by u.
2
Suppose 0 = -73*m + 68*m + 120. Suppose -154 = m*n - 26*n. What is the remainder when n is divided by 26?
25
Suppose -2*f + 10 = 0, 54*n - 52*n = -5*f + 93. What is the remainder when 133 is divided by n?
31
Let c(l) = -10*l - 49. Suppose -2*i - 8 = -y, -y + 4*y + 18 = -i. What is the remainder when 21 is divided by